 = 3. Suppose 5*s - 33 = -4*q, 3*s + q - 14 = l. Let v(z) = z - 4. Calculate v(s).
1
Let c(h) be the second derivative of -5*h**3/6 + h**2/2 + 3*h. What is c(1)?
-4
Let u(m) be the third derivative of -m**4/24 + 13*m**3/6 + 4*m**2. Let z be u(12). Let w(i) = i + 7*i**3 + 0*i + 3*i**2 - 5*i**2. Calculate w(z).
6
Let s(z) = -z**2 + 6*z - 6. Suppose -u - 10 = -5*d + 4*u, -2*u + 8 = 4*d. Let w(p) = 2*p**3 - 3*p**2 + 2*p - 3. Let r be w(d). Determine s(r).
-1
Let k(r) be the third derivative of -r**8/6720 + r**7/1260 - r**6/720 - r**5/60 - r**4/24 + 4*r**2. Let q(m) be the second derivative of k(m). What is q(2)?
-4
Suppose 2*l - 5*y - 13 = -2*l, -4*l - y + 7 = 0. Let r = 22 - l. Suppose 4*g - 4 = -r. Let c(v) = v + 1. Give c(g).
-3
Let u(l) = 3*l**2 - 24*l**3 + 53*l**3 - 28*l**3 - l**2. Calculate u(-2).
0
Let c(r) be the second derivative of -r**3/2 - r**2/2 + 3*r. Let z(y) be the second derivative of y**3/6 - 2*y**2 - 3*y. Let g be z(3). What is c(g)?
2
Let f(d) be the first derivative of -d**5/60 + d**4/24 + d**3/3 - 1. Let s(o) be the third derivative of f(o). Give s(-3).
7
Let l(m) = m - 2. Let d be (-36)/(-16)*16/12. What is l(d)?
1
Let b(k) = 3*k - 2. Let a(f) = 5*f - 5. Let x(l) = -3*a(l) + 7*b(l). Let d be 1/(3 + -4)*1. Give x(d).
-5
Let n(i) be the third derivative of -i**4/24 + i**3 + 10*i**2. Give n(7).
-1
Suppose j + 4*q = 3*q + 2, 5*q + 15 = 0. Let g(s) = -s**2 + 5*s + 2. Let o(r) = 2*r**2 - 10*r - 3. Let i(t) = 7*g(t) + 4*o(t). Determine i(j).
2
Suppose -j - 5 = 5*c, -2*c + 8*j = 3*j + 2. Let i(x) = 3*x + 1 - 3 + 3. What is i(c)?
-2
Let h(n) = -7*n**2 - 2*n - 5. Let c(u) = -u**2 - u - 1. Let s(o) = -6*c(o) + h(o). Suppose -2*z = -5*l - 23, z + 0*z + 4*l = -8. Determine s(z).
1
Let w = 1 - -4. Suppose w*s + 34 = 9. Let o(q) be the first derivative of -q**3/3 - 2*q**2 - 7*q - 1. Calculate o(s).
-12
Suppose 14 = -0*h - 2*h. Let m = h - -12. Let n(l) = 11*l**2 + 12*l + 1. Let f(s) = 5*s**2 + 6*s. Let p(j) = -13*f(j) + 6*n(j). Give p(m).
1
Suppose 0*l - 15 = 3*l. Let v = l + 8. Let k(a) = -a**3 + 5*a**2 - 4*a + 2. What is k(v)?
8
Let c(g) = -15*g**3 + g**2 + g. Let a = -37 + 36. Calculate c(a).
15
Let r(o) = -2*o**3 + 0 + 3*o**3 + o**2 + 2. Let s be 14/2 + -1 + -1. Let n(c) = -c**2 + 4*c + 3. Let j be n(s). Determine r(j).
-2
Let w(b) = -b**3 - 5*b**2 - 3*b. Suppose -2*r + 4 = -2. Suppose -20 = 2*h + r*h. What is w(h)?
-4
Let i(x) be the second derivative of -x**4/12 + x**3/2 + 3*x**2 + 2*x. Suppose -b + 4*n = 11, 3*b - n = 7*b - 24. Calculate i(b).
-4
Let m be 1 - (5 + -4)*-1. Let z(r) = 2*r**3 - 2*r - 2. Let d(w) = w**3 - w**2. Let u(i) = -3*d(i) + z(i). What is u(m)?
-2
Let o(a) be the first derivative of a**3/3 - 3*a**2/2 + 4*a + 9. Calculate o(3).
4
Let w(u) = -u**3 - 7*u**2 - 5*u - 7. Suppose -3*h + 0*h = -12, 0 = -2*i + 4*h - 28. What is w(i)?
-13
Let l(g) = -2*g + 2. Suppose -x - 7 = -9. Suppose -3*r + 6 = 0, -x*n - 4*r + 9 = -5. Determine l(n).
-4
Let s(n) = -3*n**2 + 118*n - 119*n - 1 + 2. Give s(2).
-13
Let z(p) = -p**3 - 7*p**2 + 2. Let l be (8/20)/((-2)/(-5)). Let y(v) = -7*v. Let d be y(l). Let c be z(d). Let g(m) = -2*m**2 + 3*m - 1. Give g(c).
-3
Suppose a + 6 = 4*a. Suppose -q = q - a. Let b(c) = c + 1. Let s(p) = -p**3 + 2*p**2 + 5*p + 4. Let i(o) = -5*b(o) + s(o). Determine i(q).
0
Let c(m) = -m**2 + 8*m - 2. Let f be -3 + 2 + -11 + 2. Let u(z) = z**3 + 11*z**2 + 9*z - 4. Let p be u(f). Calculate c(p).
10
Let j(x) = -x + 7. Let y be j(12). Let p = 7 + y. Let t(o) = 0 - 4*o + 2 + 0. What is t(p)?
-6
Let r(q) = q**2. Let o(z) = 0*z**2 + 2*z**2 - 7*z - 6*z**2 - 5. Let d(s) = -o(s) - 3*r(s). Let g(n) = -2*n**2 + 2*n. Let c be g(2). Calculate d(c).
-7
Let l(o) = o**2 - 3*o + 3. Let j be l(4). Let v(g) = -g**3 + 7*g**2 - 10. Give v(j).
-10
Let q(u) = -2*u + 5. Let z(t) = -2*t + 4. Let n(i) = -4*q(i) + 5*z(i). Calculate n(-3).
6
Let m(t) = t**2 - 5*t + 3*t - 6*t**2 + 2 + 2*t**2 - t**3. Let o(c) = -2*c**2 - 3*c - 1. Let d be o(-2). Give m(d).
8
Let v(f) = -f**3 - 4*f**2 - f - 2. Let c be 4*2/(-6)*-3. Suppose -8 - 8 = c*p. Give v(p).
2
Suppose 5*r + 5 = -2*c - 10, -5 = c. Let w(f) = f. Give w(r).
-1
Suppose -3*h + 4*b = 1, -b - 2*b - 15 = 3*h. Let l(q) = q - 4. Let z(n) = -2*n + 5. Let j be (-2)/5 + (-17)/(-5). Let f(t) = j*l(t) + 2*z(t). Give f(h).
1
Let p(x) = 4*x**3 + 9*x + 1. Let o(t) = -3*t**3 + t**2 - 8*t. Let l(c) = -5*o(c) - 4*p(c). Determine l(-6).
8
Let g(r) = r**3 - 6*r**2 + 4*r - 3. Suppose -u - 5 = -15. Suppose -2*y + 11 = c - u, 5*c - 2*y = 69. Suppose -2*h = -c + 5. What is g(h)?
-8
Let s(v) = -v**3 - 3*v**2 + 3*v + 6. Let p = 21 - 25. Determine s(p).
10
Let s(h) be the third derivative of h**6/120 + 2*h**5/15 + 7*h**4/24 - 5*h**2. Give s(-7).
0
Let m(q) = -q**3 + 3*q**2 + 4*q - 2. Let x be -1 - (45/(-5) - -4). Determine m(x).
-2
Let s(n) = 13*n**3 + n + 1. Suppose -13*a - 4 = -9*a. Calculate s(a).
-13
Let q(s) = 4*s + s + 0*s. Let g(i) = -6*i - 1. Let o(z) = 4*g(z) + 5*q(z). What is o(0)?
-4
Let c(p) be the third derivative of 0*p - 1/6*p**3 + 0 + 3*p**2 + 1/24*p**4. Give c(4).
3
Let y(f) be the third derivative of -f**5/60 - f**4/12 - f**3/6 - 2*f**2. Let s(g) be the first derivative of y(g). What is s(5)?
-12
Let q(d) = -d**3 - 4*d**2 - 2. Suppose 7*w = -29 + 1. Give q(w).
-2
Let f(d) = 2*d - 2. Let y be f(2). Let z(k) = 11*k**3 + 3*k**y + 2*k + k**2 - k + k**2. Let c(q) = q**3 + q**2. Let a(g) = 4*c(g) - z(g). Give a(-1).
7
Let c(y) be the first derivative of y**4/4 - 2*y**3 - 4*y**2 + 3*y + 34. Give c(7).
-4
Let l(s) = s**2 - 4*s - 3. Let v(j) = j. Let h(m) = -l(m) - 4*v(m). Suppose -x = 5*q - 20 + 5, -4*x + 12 = 4*q. Calculate h(x).
3
Let r(m) = 20*m - 1. Suppose -3*h = -5*k - 12, k - 7 = h - 9. What is r(h)?
-21
Let o be 0*(-3)/(-6) - -1. Let v be 2*(-1 + (-21)/(-6)). Let h(p) = -3 + 2 + v*p**3 - 2*p**3. Determine h(o).
2
Let l(y) = -y - 1. Let u be (2/(-3))/((-3)/27). Suppose u*v - 8 = 4*v. Suppose -2*d + x = -v, -5*d + 2*x + 9 = -x. Calculate l(d).
-4
Let v(w) be the third derivative of 5*w**4/24 - w**3/3 + 12*w**2. Determine v(3).
13
Let f be 6/4*16/(-12). Let s = f + 2. Let i(c) = c**2 - 4. What is i(s)?
-4
Let y(w) = -4*w + 7. Let n(l) = -3*l + 8. Let p(q) = 3*n(q) - 2*y(q). Give p(10).
0
Let h(u) be the third derivative of u**8/1680 - u**7/2520 + u**6/360 - u**5/120 - u**4/12 - u**2. Let d(t) be the second derivative of h(t). Calculate d(1).
4
Let b(p) = p**2 - 2*p - 6. Let a be 64/(-12) - (-2)/6. Let m = a + 10. Calculate b(m).
9
Suppose -s - q = -16 + 2, 0 = -2*s + 5*q + 7. Let w = s - 15. Let h(r) = 4*r + 5. What is h(w)?
-11
Let m(p) = 0*p - 3 + p - 2*p**2 + p**3 + p. Let c(k) = -2 - k + 3 + 0. Let i be c(-1). Calculate m(i).
1
Let z(y) = y**2 + 5*y. Let x(r) = r**3 + 3*r**2 - 5*r + 2. Let q be x(-4). Let u = q + -11. What is z(u)?
0
Let r = -13 - 17. Let k be (8/(-24))/(2/r). Let l(q) = -q**3 + 4*q**2 + 4*q + 7. Determine l(k).
2
Let r(y) = -y**2 + 13*y - 15. Let g be (11/(-3))/(11/(-33)). What is r(g)?
7
Let s(z) = z**2 + 3*z - 1. Let o be s(-4). Let w(j) = 1 - o*j**2 - 2 + 3. Let b(t) = -2*t**3 - 15*t**2 + 7*t - 6. Let y be b(-8). Calculate w(y).
-10
Let d(o) = -o**3 - 6*o**2 - 4*o + 4. Let h = -80 + 75. Calculate d(h).
-1
Let c(l) = l**2 + 5*l - 4. Let i be (-2)/(-2) + (-24)/(-6). Suppose -2*h = -3*x + 2*h - 6, -24 = i*x - 2*h. Calculate c(x).
2
Let f = 15 + -14. Let x(k) = 6*k**2 + 2*k - 1. Calculate x(f).
7
Let z(v) = -2*v + 1. Let x(w) = -3*w + 8. Let p be x(4). What is z(p)?
9
Let c(m) be the third derivative of m**5/20 + m**4/12 - m**3/3 + 4*m**2. Let s(g) = -g - 12. Let t be s(-10). Determine c(t).
6
Let q(y) = -y**3 + y**2 + 1. Let n(o) = 1. Let s(x) = 2. Let k(c) = 3*n(c) - 2*s(c). Let m(z) = 3*k(z) + 2*q(z). Calculate m(1).
-1
Let b(j) be the third derivative of 5/24*j**4 + 4*j**2 + 1/60*j**5 + 0*j + 0 - 5/6*j**3. Determine b(-5).
-5
Let w be 2/9 - (-47)/(-9). Let n(a) be the first derivative of -a**4/4 - 2*a**3 - 3*a**2 - a - 9. What is n(w)?
4
Let h = 9 + -6. Let d(r) = -h + 3 - r. What is d(3)?
-3
Let l be 2/6 + 28/6. Let j(g) = 5*g**2 - g + 7 + 2*g**3 - 6 - 5 - 3*g**3. Give j(l).
-9
Let o(q) be the second derivative of q**4/12 + q**3/6 - 7*q**2/2 + 19*q. Calculate o(0).
-7
Suppose 12 = 4*c + 8. Let f(z) be the first derivative of 3/2*z**4 + 0*z**2 + z + c - 1/3*z**3. What is 